at is the units digit of g?
1
Let q = 83 + 13. What is the units digit of q?
6
Let c(r) = r**3 + 16*r**2 + 16. What is the units digit of c(-16)?
6
Let g(z) = z**3 - 3. What is the tens digit of g(3)?
2
Suppose -3*g + o = -13, 7*g - 3*g - o = 16. Suppose -6*d - 3 = -g*d. What is the tens digit of d/((-99)/(-51) - 2)?
1
Let w(i) = i**2 + 2*i - 4. Let l(m) = m**3 + 8*m**2 - 2*m - 11. Let u be l(-8). What is the tens digit of w(u)?
3
Let f(v) = -36*v**2 - 2*v + 6. Let i be f(3). What is the units digit of 3/4 - i/16?
1
Let p(b) = -b + 10. Let s be p(7). Suppose s*q - 7 - 8 = 0. What is the units digit of q?
5
Let y(f) = -4*f**3 - f**2 + f + 1. Let q be -6 - (1/(-1) + -3). What is the units digit of y(q)?
7
Let x = -61 + 33. Let v be ((-4)/14)/(4/x). Let c = v + 1. What is the units digit of c?
3
Suppose 135 + 33 = 3*x. Suppose -t + 5*t - x = 0. What is the units digit of t?
4
Let j(o) = -o**2 + 6*o + 2. Let t be j(6). Suppose 55 = 3*u + t*u - 4*p, u = 3*p. What is the units digit of u?
5
Let w be (-3 + -117)/(-4) + 0. Suppose 330 - w = 6*v. What is the units digit of v?
0
Suppose -15*f + 462 = -13*f. What is the tens digit of f?
3
Let u = 92 - 14. Suppose -c - n - u = -5*c, c + 2*n = 24. What is the units digit of c?
0
Suppose -j = 4*n - 21 + 3, 4*n + 210 = 5*j. What is the units digit of j?
8
Suppose 9 = 5*k - 326. What is the tens digit of k?
6
Suppose 2*f - 4*i = 0, -2*i = -2 - 2. Let u be (-35)/15 - f/6. Let s(h) = -4*h - 4. What is the units digit of s(u)?
8
Suppose v = -3*v + 4. Let q(f) = 6*f**3 - f**2 + f. Let k be q(v). Suppose -4*m - k = -5*m. What is the units digit of m?
6
Let q(f) = 4*f - 15. Let g(c) = -6*c + 22. Let y(u) = -5*g(u) - 7*q(u). Let h = 12 - 6. What is the units digit of y(h)?
7
Let g(l) = l**3 - l**2 + 4*l - 12. What is the hundreds digit of g(6)?
1
Let z(w) = w - 4. Let h be z(4). Suppose -2*u = -4*u + 4*q + 56, 4*u - 3*q - 87 = h. What is the tens digit of u?
1
Let t(x) = x**2 + 3*x - 3. Let a be t(-4). Let u = 3 - a. Suppose 10 = 4*g + u. What is the units digit of g?
2
Suppose -5*j = -3*v + 305, 2*j + 293 = 3*v - 0*v. What is the tens digit of v?
9
Suppose 1 = -4*y - 3. Let c(a) = 8*a**2 - a - 1. What is the units digit of c(y)?
8
Let k(g) = -g**3 - 5*g**2 - 13*g - 6. What is the units digit of k(-5)?
9
Suppose -3*o = 2*o. Suppose -5*i = -5*n - 45, o = -4*i - n + 13 - 2. Suppose -4*z - 3 - 7 = -3*d, -i*d + 34 = 5*z. What is the units digit of d?
6
Let f be 0*(0 - -2)/(-2). Let p = f - -7. What is the units digit of p?
7
Let x = 20 + -16. What is the units digit of x?
4
Let w = 2 + 2. Suppose w*y = 5*j + 25, 0*j + 4*j = -y + 1. Suppose -6*i + y*k = -i + 15, k = -3*i + 11. What is the units digit of i?
2
Let a = 104 - 67. What is the tens digit of a?
3
Suppose -3*m - 2*m - 25 = 0. Let t = m + 1. Let z = t - -11. What is the units digit of z?
7
Suppose -5*l = -38 - 32. What is the tens digit of l?
1
Let q(x) = x**2 - 12*x + 11. Let m be q(11). Suppose -p + 4*p - 87 = m. What is the tens digit of p?
2
Suppose -3*r = -2*n + 15, -r + 1 + 8 = 4*n. Let y(d) = d. Let x(t) = 6. Let z(l) = n*y(l) - x(l). What is the units digit of z(7)?
5
Let q(o) be the third derivative of 0 - 2*o**2 + 0*o - 1/24*o**4 + 1/6*o**3. What is the units digit of q(0)?
1
Let q(a) = -23*a - 1. Let x be (0/4 + 1)*-1. What is the tens digit of q(x)?
2
Let z(d) = -d**2 + 14*d + 5. What is the tens digit of z(11)?
3
Let t(y) = 2*y + 3. What is the tens digit of t(9)?
2
Let x = -427 - -836. What is the units digit of x?
9
Let s(o) = 6*o**2 - 2*o - 1. Suppose -5*d = -5*u + 15 - 0, -u + 15 = -4*d. What is the units digit of s(u)?
7
Let k(m) = -4*m + 20. What is the units digit of k(-2)?
8
Suppose -4*i - 1 = -5. Let h = i - -3. What is the units digit of 6/h - (-20)/8?
4
Let s(m) be the second derivative of m**3/6 + m. What is the units digit of s(9)?
9
What is the tens digit of 4 + -3*316/(-12)?
8
What is the units digit of 236/10 + (-2)/(-5)?
4
Let r = -3 - -7. Suppose -q + 3*q - r*l - 34 = 0, 5*l + 10 = 0. What is the units digit of q?
3
Let d(v) = v**3 + v**2. Let z(p) = p - 3. Let j be z(6). What is the tens digit of d(j)?
3
Suppose -x = -4*x + 159. What is the tens digit of x?
5
What is the units digit of (-396)/(-2)*(-16)/(-32)?
9
Suppose 3*n - 4*a = 501, -3*n - 3*a + 260 + 262 = 0. What is the tens digit of n?
7
Let p be (7/(-2))/((-2)/4). Suppose 0 = -4*d + 5 + p. Suppose 0*n - d*n = -27. What is the units digit of n?
9
Suppose 4*v + 7 = -2*u - v, 15 = 3*u - v. Suppose -3 - 5 = -u*j. What is the units digit of j?
2
Let t(a) = a**3 - 7*a**2 + 6*a - 1. Let r be t(6). Let g = -1 - r. Suppose g = -4*w + 3*u + 1, -2 = -0*w + 2*w - 2*u. What is the units digit of w?
4
Let v = -5 + 9. Let p be (-1)/v - 33/12. Let g = p - -6. What is the units digit of g?
3
Suppose -x - 1 = 2, -5*q - 3*x = -121. Suppose q - 14 = 3*s. What is the units digit of s?
4
Suppose -5*m = 2*t - 74, -3*t + 2*t = 4*m - 61. What is the tens digit of (-1 + (-52)/m)*-4?
1
Suppose -10 = 2*t - 0*t, 5*w - 4*t = 0. Let f = 16 + w. What is the units digit of (f/3)/(1/2)?
8
Let w = -7 + 7. Suppose 15 = -w*f + f. What is the tens digit of f?
1
Let w(p) = 2*p - 4. Suppose 3*z = z + 18. What is the tens digit of w(z)?
1
What is the units digit of 1 - (-1 + 2)*-1?
2
Suppose -5*d - 2*o = -454, -o - 362 = -4*d - 3*o. What is the tens digit of d?
9
Suppose 3*l = -4*s + 201, s - 5*l = -l + 55. What is the units digit of s?
1
Let l = 116 - 72. What is the tens digit of l?
4
Suppose 2*a = -0*a + 6. What is the units digit of a?
3
Let g(d) = d**2 + 10*d. Let f be g(-10). Suppose -4*h - 3 = -83. Suppose a + f*a + 18 = 4*m, -2*m + h = 5*a. What is the units digit of m?
5
Suppose 2*p - 32 = 2*q + 2*q, -4*q - 56 = -3*p. What is the units digit of p?
4
Let x(t) = -4*t**3 - t**2 + 2*t - 1. Let r be x(-2). Suppose -5*n + 2*n = -102. Suppose -3*f = -r - n. What is the units digit of f?
9
Let w = 48 - 34. Let y = 7 + -5. Suppose -4*m - y = -w. What is the units digit of m?
3
What is the tens digit of 2/(((-10)/(-38))/5)?
3
Let c be 4/18 + (-6176)/(-72). Suppose -5*y - 1 = -c. What is the units digit of y?
7
Suppose o - 3 = -0*o. Suppose o*p - 77 = 19. What is the units digit of p?
2
Let a(j) be the first derivative of j**2/2 + 10*j + 9. What is the tens digit of a(11)?
2
What is the units digit of 4/10 + 7/35*203?
1
Suppose -b - 3*g + 35 = 0, -2*b - 23 + 108 = 3*g. What is the tens digit of b?
5
Let u = -10 + 9. Let k be 6/8*(-21 - u). What is the units digit of k*(-2 + 3)/(-3)?
5
Let t(r) = r**2 + 11*r + 10. Suppose 2*m - 7*m = 55. What is the tens digit of t(m)?
1
Let l = 0 - -2. Suppose -3*u + 80 = u + 4*d, 5*u - l*d - 93 = 0. What is the units digit of (-2 - 5/(-1)) + u?
2
Let y(w) = 2*w**2 - 3*w**2 - w**2 + 7 - w + w**2. What is the units digit of y(0)?
7
Suppose -4*q + 42 = 14. Let a = q + -2. What is the units digit of a?
5
Let w(o) = o - 14. Let v be w(16). Suppose -144 = -v*n - n. What is the units digit of n?
8
Let v be -3 - (-1 - (-3 + 17)). Suppose 4*m - 3*m + l + 4 = 0, -4*l + 32 = -4*m. Let r = v + m. What is the units digit of r?
6
Let q be 1 - 1 - (-57)/(-1). Let c = q - -87. What is the units digit of c?
0
Suppose -2*r = 5*a + 10 - 0, -3*r - 15 = 5*a. Suppose a = -3*x + 8 + 1. Suppose o + 18 = x*o. What is the units digit of o?
9
Let y(v) = v**3 - 7*v**2 + 4*v + 12. What is the units digit of y(7)?
0
Let u = -3 + 9. What is the units digit of 1835/45 + u/27?
1
Let w(g) = g**2 - 2. Suppose -5*r + 34 = t + 2*t, -r + 20 = 5*t. What is the units digit of w(r)?
3
Suppose 0 = 3*h - 5*t - 24, 25 = -3*h - 5*t + 79. Suppose 87 - h = 5*l - 4*j, -5*l + 3*j + 78 = 0. What is the units digit of l?
8
What is the tens digit of 315/28 - 3/(-4)?
1
Suppose -3*q + 3*o - 7*o - 33 = 0, 5*q - 3*o = -84. Let d = q - -18. What is the units digit of d?
3
Let r be ((-5)/(-2))/((-5)/(-10)). Suppose -25 = 4*p - r*p. Let u = p - 14. What is the tens digit of u?
1
Suppose -3*c + 35 = 86. Let n = 24 + c. What is the units digit of n?
7
Suppose -6*a = -7*a + 73. Suppose 13 = -5*w + a. What is the tens digit of w?
1
Let z(k) = k - 1. Let s be z(6). Suppose s*y + 17 = -5*f + 2, -4*y + 18 = -2*f. What is the units digit of y?
2
Suppose 5*v - 13 - 17 = 0. Let a = v + -11. Let w = a + 7. What is the units digit of w?
2
Let v =